s) = -20*s - 1. What are the prime factors of l(-2)?
3, 13
Suppose -6*n + 98 = n. What are the prime factors of n?
2, 7
Let u be -6 + (-1 - 4 - -2). What are the prime factors of (-3 - 4/(-2))*u?
3
Suppose o + 3*m = 21, 7*o - 2*o - 89 = m. Let h = o - -11. List the prime factors of h.
29
Let t be ((-88)/(-2))/((-4)/8). Let z be t/3 - (-1)/3. Let m = z + 43. List the prime factors of m.
2, 7
Suppose 5*a = 4*a + 50. List the prime factors of a.
2, 5
Let l(f) = f - 2*f + 1 + 2 + 4. Let w be l(8). List the prime factors of 1*(w - (-10 + -2)).
11
Let y(x) = 46*x**2 - 2*x. Let z(a) = 2*a - 1. Let v be z(1). List the prime factors of y(v).
2, 11
Let r = 2 + 0. Suppose r*u + 5*n - 11 = 0, u - 1 + 0 = 2*n. What are the prime factors of u?
3
Suppose 2*m + 0*m - 4 = 0. List the prime factors of (-68)/(-12) + m/6.
2, 3
Suppose 0 = -4*u + 5*u - 3. Suppose -1 - 2 = -u*p. Suppose -w + 3*y + 13 = -p, 20 = 2*w - 2*y. List the prime factors of w.
2
Suppose 5*w - 75 = -5*f, -w + f + 0 = -5. List the prime factors of w.
2, 5
Let f(d) = 2*d**3 - 12*d**2 + 4*d + 10. List the prime factors of f(6).
2, 17
Suppose -g - g + 16 = 3*m, g - 5 = 0. Let q(f) = 2*f - 5*f + 4 - 3 + 4*f**2. What are the prime factors of q(m)?
11
Let b(s) = -s**2 - 5*s + 3. Let l be b(-5). Suppose -l*y - 4*g + 22 = -0*y, -8 = -2*g. What are the prime factors of y?
2
Let s be (-1)/((-40)/13 - -3). Let h = s + -10. List the prime factors of h.
3
List the prime factors of ((-5)/3)/((-75)/135).
3
Let i = 10 + 5. Let a(s) = -s**3 - 10*s**2 - 10*s - 13. Let q be a(-9). Let n = i + q. List the prime factors of n.
11
List the prime factors of ((-7)/(-21))/(3/666).
2, 37
What are the prime factors of 23/((-161)/42)*(-68)/3?
2, 17
Let p(r) = -r**3 + 5*r**2 + 8*r - 4. Let w be p(5). Suppose -5*j - w = -j. Let g = j - -19. List the prime factors of g.
2, 5
Let y(i) = -i**3 - 9*i**2 - 10*i - 11. Let l be y(-8). Suppose -w - 13 = -3*d, l*w + 2*d + d - 7 = 0. List the prime factors of 10/(2 - (w + 2)).
2, 5
Let p = -5 + 5. Suppose p = u - x, -5*x + 10 = 4*u - 26. Suppose u*d + d - 40 = 0. List the prime factors of d.
2
Let h(n) = n**3 + n + 1. Let m(t) = -5*t**3 - 4*t**2 + 3*t - 4. Let u(b) = 4*h(b) + m(b). What are the prime factors of u(-6)?
2, 3, 5
Let c be (-11)/(-55) + 4/5. Suppose -2*n = -4*n + 6. Suppose n = y + c. List the prime factors of y.
2
Let l(b) = b**2 + 2*b + 1. Let x be l(-1). Suppose 0 = -x*v + 5*v - 60. Suppose -4*i + 19 = -0*y + 3*y, 2*y + 3*i - v = 0. List the prime factors of y.
3
Let o(f) = -f**2 - 8*f + 12. Let h be o(-9). Suppose i = -h*i + 8. Let q = i - -6. What are the prime factors of q?
2
Suppose 3*u + 5 = -7. Let n = u - -6. List the prime factors of 50/4 - 3/n.
11
Suppose -5*s = r - 3*r + 51, 45 = r + 4*s. Suppose 0 = -3*t + k + r, -3*t - 2*k - 3*k + 15 = 0. List the prime factors of t.
2, 5
Let b(p) = p**3 + 8*p**2 - 7*p + 8. Let y be b(-8). Suppose -5*l - 3*m = 29 - 157, -3*l - 5*m = -y. What are the prime factors of l?
2, 7
List the prime factors of -4 + 1 + 0 + 51.
2, 3
Let c(a) = -a + 6. Let t be c(-9). Suppose 3*v + 0*v = t. What are the prime factors of v?
5
Suppose -p + 2*t + 27 = 0, -p - 7*t + 27 = -3*t. What are the prime factors of p?
3
Suppose 2*v + 5 = 17. Suppose 2*g + 16 = v*g. Suppose u - 1 = -4*l + 7, g*u = 3*l - 6. List the prime factors of l.
2
Let g(j) = j**3 + 6*j**2 + 4. Let h = -18 - -12. Let x be g(h). What are the prime factors of 90/x + (-6)/12?
2, 11
Suppose 5*m - 2 + 31 = b, 4*b = -3*m + 1. Suppose 0*k = k - 4*o - 14, -5*k + 146 = -o. Suppose -b*x = x - k. What are the prime factors of x?
2, 3
Let v(i) be the second derivative of -i**3/2 - i**2/2 + 3*i. List the prime factors of v(-6).
17
Let b = -4 - -5. Let m = b + -4. Let s = m + 5. What are the prime factors of s?
2
Suppose m + 3 = 1. Let b = m - 6. Let n = 20 + b. List the prime factors of n.
2, 3
Let j = 30 + -15. Suppose -4*n + 3*h + 55 = 0, -2*h - 52 = -5*n + j. What are the prime factors of n?
13
Suppose 2*i = -i - 63. What are the prime factors of ((-6)/i)/((-1)/(-7))?
2
Suppose -409 = -5*q - 3*m, 12 - 175 = -2*q - m. What are the prime factors of q?
2, 5
Let q(k) = 2*k + 7 - 6 + 4*k**2 - k + 2*k. Let l(o) = o**2 + 5*o + 4. Let a be l(-3). What are the prime factors of q(a)?
11
Let r(h) be the first derivative of 2*h**2 - 8. List the prime factors of r(6).
2, 3
What are the prime factors of (-16)/(3 + (-95)/30)?
2, 3
Let y = 81 - 23. List the prime factors of y.
2, 29
Let m(y) = y + 4. Let p be m(-9). Let o(a) = -2*a - 7. List the prime factors of o(p).
3
Suppose 3*a + a = 8. Let j be 7/((3 - a) + 0). What are the prime factors of (-1 + -1)/(j/(-42))?
2, 3
Suppose -2*x = 2*h - 504, -h - 3*x = h - 509. List the prime factors of h.
13, 19
Let g = -128 + 219. List the prime factors of g.
7, 13
Suppose 3*c - 2*w - 29 = 0, -4*c + 3*w + w + 40 = 0. What are the prime factors of c?
3
Suppose w + 2*w + 132 = 0. Let g = w + 4. Let q = g + 57. List the prime factors of q.
17
Let c(i) = -i**3 + i**2 - i + 13. List the prime factors of c(0).
13
Let t(p) be the first derivative of -5*p**2/2 - 4*p + 1. Let f be t(-3). Suppose f = l - 3. What are the prime factors of l?
2, 7
Suppose t = 4*t - 123. List the prime factors of t.
41
Suppose -63 = 3*b - 6*b. Suppose -2*u - 1 = -b. List the prime factors of u.
2, 5
Let c = -55 - -80. List the prime factors of c.
5
Let c be 0*1/3*1. Suppose 21 = -c*h + 3*h. List the prime factors of h.
7
Let h(f) = -2*f - 2. Let t = 38 + -14. Suppose 0 = -m + 5*c - t, m + 5*c = -4 + 20. What are the prime factors of h(m)?
2, 3
Suppose 5*q = -190 + 530. What are the prime factors of q?
2, 17
Let c = -357 - -637. List the prime factors of c.
2, 5, 7
Let i(o) be the third derivative of 1/24*o**4 + 0*o + 0*o**3 + 0 - o**2. What are the prime factors of i(3)?
3
Let q = 11 - 7. Let i(z) = z + 2. Let p be i(q). Suppose -5*f - p + 40 = 3*v, -v = 3*f - 14. What are the prime factors of v?
2
Let h be (4/(-6))/((-7)/84). Let d = h + -8. Suppose -3*t - p + 42 = d, 0 = -t + 2*p - 5 + 12. What are the prime factors of t?
13
Suppose 5*h + 3 = -2. Let n(v) = 0*v + 5*v + 6*v**2 - 4*v. What are the prime factors of n(h)?
5
Let s(r) be the first derivative of r**4/4 + 4*r**3/3 + 2*r**2 + 2*r - 3. List the prime factors of s(-2).
2
Let a = -16 - -19. Suppose a*s + 2*i = 71, i - 5*i = s - 7. List the prime factors of s.
3
Let w be 5*(-2)/(-10)*3. Let z(q) = -6*q + 3. Let f be z(-5). Suppose w*c - 4*y = -14, -4*c + y + f = 6*y. What are the prime factors of c?
2
Let k(w) be the third derivative of w**5/60 - w**4/3 + 2*w**3/3 + 2*w**2. What are the prime factors of k(9)?
13
Let g = -2 - -6. Suppose -2*u - d + 17 = -0*u, -2*u + g*d + 2 = 0. What are the prime factors of u?
7
Suppose -7*t = -3*t - 276. List the prime factors of t.
3, 23
Suppose 2*j + 3 = 33. Let m = -8 + j. Suppose 3*i - m*i + 41 = 5*h, -2*i - 7 = -3*h. What are the prime factors of i?
2
What are the prime factors of (-7)/(-2)*(5 - -17)?
7, 11
Let a(l) = 18*l - 68. List the prime factors of a(22).
2, 41
Let g = -24 + 52. What are the prime factors of g?
2, 7
List the prime factors of 26/1 - (-2 + 3 - 4).
29
Let v(x) = x**2 + 7*x + 9. Let u be v(-6). Suppose -3*l + 6*d + 40 = d, -3*l + 24 = u*d. What are the prime factors of l?
2, 5
List the prime factors of (157 - (-3 + 6)) + -3 + 4.
5, 31
Suppose -1 = 3*a - 19. What are the prime factors of a?
2, 3
Let k(t) = -t**3 - t**2 - t + 20. Let n be k(0). Let r = -21 - -36. Suppose -r = -5*q + n. What are the prime factors of q?
7
Suppose 0 = 18*z - 15*z - 30. What are the prime factors of z?
2, 5
Let l be (-94)/(-4) - 1/2. Let x = 32 - l. What are the prime factors of x?
3
Suppose -x - 2 = -16. Let i = x - 5. What are the prime factors of i?
3
Suppose -i = -8*c + 3*c + 10, -3*c - 4*i + 29 = 0. What are the prime factors of c?
3
Suppose 7*n - 4*n - 3 = 0. Let x = n - -2. Suppose q - 9 = -x. What are the prime factors of q?
2, 3
Let t = -138 + 225. List the prime factors of t.
3, 29
Suppose -2*x - 10 = 0, 3*j + 2*x - 85 = 7*x. List the prime factors of j.
2, 5
Suppose 4*n - 24 = -z, -4*n = -3*z - 4 - 4. Let h(y) = y - 1 - 8*y + z*y**2 + y**3 + 2. What are the prime factors of h(-5)?
11
Suppose 126 = 7*v - 133. What are the prime factors of v?
37
Let c(k) be the second derivative of k**5/20